{"id":71737,"date":"2025-03-31T12:05:24","date_gmt":"2025-03-31T11:05:24","guid":{"rendered":"https:\/\/bolsadeempregabilidade.pt\/?post_type=job_listing&#038;p=71737"},"modified":"2025-06-30T00:00:34","modified_gmt":"2025-06-29T23:00:34","slug":"parque-das-nacoes-full-time-restoration-manager-parque-das-nacoes","status":"expired","type":"job_listing","link":"https:\/\/bolsadeempregabilidade.pt\/en\/?post_type=job_listing&p=71737","title":{"rendered":"Catering Manager | Nations Park"},"content":{"rendered":"<p>Hello!<\/p>\n<p>Adecco Human Resources is recruiting a <strong>Manager for the restaurant area<\/strong>, to join the staff of an Italian Restaurant, in Parque das Na\u00e7\u00f5es!<\/p>\n<p>It will be your responsibility to develop and manage the team in an optimized way, in order to meet the needs of customers.<\/p>\n<p>What do I need you to have?<\/p>\n<ul>\n<li>Academic qualifications at 12th grade level;<\/li>\n<li>Academic training in the area of Hotel Management, Catering and Tourism is valued<\/li>\n<li>Professional experience in similar roles;<\/li>\n<li>Knowledge of English (Level B1).<\/li>\n<\/ul>\n<p>What can you count on?<\/p>\n<ul>\n<li>Employment contract directly with the client;<\/li>\n<li>\u20ac1600 (VB + IHT);<\/li>\n<li>Food allowance: \u20ac5.50;<\/li>\n<li>Holiday and Christmas allowance paid in twelfths;<\/li>\n<li>Schedule: Split shifts with the right to two days off per week.<\/li>\n<\/ul>\n<p>What are you waiting for? Apply now!<\/p>","protected":false},"excerpt":{"rendered":"<p>Ol\u00e1! A Adecco Recursos Humanos encontra-se a recrutar um Gerente para a \u00e1rea da restaura\u00e7\u00e3o, para integrar os quadros de um Restaurante Italiano, no Parque das Na\u00e7\u00f5es! Ser\u00e1 da tua&#8230;<\/p>","protected":false},"author":625,"featured_media":0,"template":"","meta":{"_promoted":"","_company_facebook":"","_company_name":"","_company_website":"","_company_tagline":"","_company_twitter":"","_company_video":"","_filled":0,"_featured":0,"_hide_expiration":"","_job_salary_currency":"","_job_salary_unit":""},"job_listing_region":[207],"job-categories":[155],"job-types":[2],"job_listing_tag":[272],"class_list":{"0":"post-71737","1":"job_listing","2":"type-job_listing","3":"status-expired","4":"hentry","5":"job_listing_region-lisboa","6":"job_listing_category-sala-bar","7":"job_listing_type-tempo-inteiro","8":"job_listing_tag-ingles","10":"job-type-tempo-inteiro"},"_links":{"self":[{"href":"https:\/\/bolsadeempregabilidade.pt\/en\/wp-json\/wp\/v2\/job-listings\/71737","targetHints":{"allow":["GET"]}}],"collection":[{"href":"https:\/\/bolsadeempregabilidade.pt\/en\/wp-json\/wp\/v2\/job-listings"}],"about":[{"href":"https:\/\/bolsadeempregabilidade.pt\/en\/wp-json\/wp\/v2\/types\/job_listing"}],"author":[{"embeddable":true,"href":"https:\/\/bolsadeempregabilidade.pt\/en\/wp-json\/wp\/v2\/users\/625"}],"version-history":[{"count":1,"href":"https:\/\/bolsadeempregabilidade.pt\/en\/wp-json\/wp\/v2\/job-listings\/71737\/revisions"}],"predecessor-version":[{"id":71738,"href":"https:\/\/bolsadeempregabilidade.pt\/en\/wp-json\/wp\/v2\/job-listings\/71737\/revisions\/71738"}],"wp:attachment":[{"href":"https:\/\/bolsadeempregabilidade.pt\/en\/wp-json\/wp\/v2\/media?parent=71737"}],"wp:term":[{"taxonomy":"job_listing_region","embeddable":true,"href":"https:\/\/bolsadeempregabilidade.pt\/en\/wp-json\/wp\/v2\/job_listing_region?post=71737"},{"taxonomy":"job_listing_category","embeddable":true,"href":"https:\/\/bolsadeempregabilidade.pt\/en\/wp-json\/wp\/v2\/job-categories?post=71737"},{"taxonomy":"job_listing_type","embeddable":true,"href":"https:\/\/bolsadeempregabilidade.pt\/en\/wp-json\/wp\/v2\/job-types?post=71737"},{"taxonomy":"job_listing_tag","embeddable":true,"href":"https:\/\/bolsadeempregabilidade.pt\/en\/wp-json\/wp\/v2\/job_listing_tag?post=71737"}],"curies":[{"name":"wp","href":"https:\/\/api.w.org\/{rel}","templated":true}]}}

<p>Hello!</p>
<p>Adecco Human Resources is recruiting a <strong>Manager for the restaurant area</strong>, to join the staff of an Italian Restaurant, in Parque das Nações!</p>
<p>It will be your responsibility to develop and manage the team in an optimized way, in order to meet the needs of customers.</p>
<p>What do I need you to have?</p>
<ul>
<li>Academic qualifications at 12th grade level;</li>
<li>Academic training in the area of Hotel Management, Catering and Tourism is valued</li>
<li>Professional experience in similar roles;</li>
<li>Knowledge of English (Level B1).</li>
</ul>
<p>What can you count on?</p>
<ul>
<li>Employment contract directly with the client;</li>
<li>€1600 (VB + IHT);</li>
<li>Food allowance: €5.50;</li>
<li>Holiday and Christmas allowance paid in twelfths;</li>
<li>Schedule: Split shifts with the right to two days off per week.</li>
</ul>
<p>What are you waiting for? Apply now!</p>

<p>Olá! A Adecco Recursos Humanos encontra-se a recrutar um Gerente para a área da restauração, para integrar os quadros de um Restaurante Italiano, no Parque das Nações! Será da tua&#8230;</p>
