{"id":75699,"date":"2026-01-19T12:12:28","date_gmt":"2026-01-19T12:12:28","guid":{"rendered":"https:\/\/bolsadeempregabilidade.pt\/?post_type=job_listing&#038;p=75699"},"modified":"2026-04-20T00:00:12","modified_gmt":"2026-04-19T23:00:12","slug":"albufeira-tempo-inteiro-chefe-de-mesa","status":"expired","type":"job_listing","link":"https:\/\/bolsadeempregabilidade.pt\/en\/?post_type=job_listing&p=75699","title":{"rendered":"Head of Room"},"content":{"rendered":"<p>O <strong>Albufeira Sol Hotel &amp; SPA<\/strong>, in <strong>Albufeira<\/strong>, procura <strong>Head of Room <\/strong>para integrar a sua equipa, preferencialmente com experi\u00eancia em regime de tudo inclu\u00eddo (all inclusive).<\/p>\n<p>A fun\u00e7\u00e3o envolve a coordena\u00e7\u00e3o dos servi\u00e7os de mesa e bar, gest\u00e3o das equipas e organiza\u00e7\u00e3o do servi\u00e7o di\u00e1rio, assegurando elevados padr\u00f5es de qualidade e atendimento ao cliente. Inclui ainda articula\u00e7\u00e3o com a Dire\u00e7\u00e3o e o Departamento de Recursos Humanos, nomeadamente no planeamento de escalas, controlo de assiduidade e prepara\u00e7\u00e3o de documenta\u00e7\u00e3o de apoio. S\u00e3o necess\u00e1rios conhecimentos de Microsoft Office (Excel) e bons conhecimentos de ingl\u00eas.<\/p>\n<p>Desired profile:<\/p>\n<ul>\n<li>Experi\u00eancia em fun\u00e7\u00f5es de chefia em hotelaria\/restaura\u00e7\u00e3o<\/li>\n<li>Experi\u00eancia em regime de tudo inclu\u00eddo (preferencial)<\/li>\n<li>Capacidade de lideran\u00e7a e organiza\u00e7\u00e3o<\/li>\n<li>Boa comunica\u00e7\u00e3o e orienta\u00e7\u00e3o para o cliente<\/li>\n<li>Conhecimentos de Office (Excel)<\/li>\n<li>Bons conhecimentos de ingl\u00eas<\/li>\n<li>Availability for rotating schedules<\/li>\n<\/ul>\n<p>We offer:<br \/>\nContrato de trabalho de acordo com a legisla\u00e7\u00e3o em vigor, integra\u00e7\u00e3o em equipa din\u00e2mica, forma\u00e7\u00e3o inicial, refei\u00e7\u00e3o no local de trabalho, fardamento e possibilidade de evolu\u00e7\u00e3o profissional.<\/p>","protected":false},"excerpt":{"rendered":"<p>O Albufeira Sol Hotel &amp; SPA, em Albufeira, procura Chefe de Sala para integrar a sua equipa, preferencialmente com experi\u00eancia em regime de tudo inclu\u00eddo (all inclusive). A fun\u00e7\u00e3o envolve&#8230;<\/p>","protected":false},"author":22369,"featured_media":0,"template":"","meta":{"_promoted":"","_company_facebook":"","_company_name":"","_company_website":"","_company_tagline":"","_company_twitter":"","_company_video":"","_filled":0,"_featured":0,"_hide_expiration":"","_job_salary_currency":"","_job_salary_unit":""},"job_listing_region":[204],"job-categories":[155],"job-types":[2],"job_listing_tag":[391,649,7525,5801,272,1020,1037,7524,3782,1028],"class_list":{"0":"post-75699","1":"job_listing","2":"type-job_listing","3":"status-expired","4":"hentry","5":"job_listing_region-faro","6":"job_listing_category-sala-bar","7":"job_listing_type-tempo-inteiro","8":"job_listing_tag-atendimento-ao-cliente","9":"job_listing_tag-comunicacao","10":"job_listing_tag-conhecimentos-de-excel","11":"job_listing_tag-gestao-de-equipas","12":"job_listing_tag-ingles","13":"job_listing_tag-lideranca","14":"job_listing_tag-organizacao","15":"job_listing_tag-planeamento-de-escalas","16":"job_listing_tag-proatividade","17":"job_listing_tag-resiliencia","19":"job-type-tempo-inteiro"},"_links":{"self":[{"href":"https:\/\/bolsadeempregabilidade.pt\/en\/wp-json\/wp\/v2\/job-listings\/75699","targetHints":{"allow":["GET"]}}],"collection":[{"href":"https:\/\/bolsadeempregabilidade.pt\/en\/wp-json\/wp\/v2\/job-listings"}],"about":[{"href":"https:\/\/bolsadeempregabilidade.pt\/en\/wp-json\/wp\/v2\/types\/job_listing"}],"author":[{"embeddable":true,"href":"https:\/\/bolsadeempregabilidade.pt\/en\/wp-json\/wp\/v2\/users\/22369"}],"version-history":[{"count":3,"href":"https:\/\/bolsadeempregabilidade.pt\/en\/wp-json\/wp\/v2\/job-listings\/75699\/revisions"}],"predecessor-version":[{"id":76460,"href":"https:\/\/bolsadeempregabilidade.pt\/en\/wp-json\/wp\/v2\/job-listings\/75699\/revisions\/76460"}],"wp:attachment":[{"href":"https:\/\/bolsadeempregabilidade.pt\/en\/wp-json\/wp\/v2\/media?parent=75699"}],"wp:term":[{"taxonomy":"job_listing_region","embeddable":true,"href":"https:\/\/bolsadeempregabilidade.pt\/en\/wp-json\/wp\/v2\/job_listing_region?post=75699"},{"taxonomy":"job_listing_category","embeddable":true,"href":"https:\/\/bolsadeempregabilidade.pt\/en\/wp-json\/wp\/v2\/job-categories?post=75699"},{"taxonomy":"job_listing_type","embeddable":true,"href":"https:\/\/bolsadeempregabilidade.pt\/en\/wp-json\/wp\/v2\/job-types?post=75699"},{"taxonomy":"job_listing_tag","embeddable":true,"href":"https:\/\/bolsadeempregabilidade.pt\/en\/wp-json\/wp\/v2\/job_listing_tag?post=75699"}],"curies":[{"name":"wp","href":"https:\/\/api.w.org\/{rel}","templated":true}]}}

<p>O <strong>Albufeira Sol Hotel &amp; SPA</strong>, in <strong>Albufeira</strong>, procura <strong>Head of Room </strong>para integrar a sua equipa, preferencialmente com experiência em regime de tudo incluído (all inclusive).</p>
<p>A função envolve a coordenação dos serviços de mesa e bar, gestão das equipas e organização do serviço diário, assegurando elevados padrões de qualidade e atendimento ao cliente. Inclui ainda articulação com a Direção e o Departamento de Recursos Humanos, nomeadamente no planeamento de escalas, controlo de assiduidade e preparação de documentação de apoio. São necessários conhecimentos de Microsoft Office (Excel) e bons conhecimentos de inglês.</p>
<p>Desired profile:</p>
<ul>
<li>Experiência em funções de chefia em hotelaria/restauração</li>
<li>Experiência em regime de tudo incluído (preferencial)</li>
<li>Capacidade de liderança e organização</li>
<li>Boa comunicação e orientação para o cliente</li>
<li>Conhecimentos de Office (Excel)</li>
<li>Bons conhecimentos de inglês</li>
<li>Availability for rotating schedules</li>
</ul>
<p>We offer:<br />
Contrato de trabalho de acordo com a legislação em vigor, integração em equipa dinâmica, formação inicial, refeição no local de trabalho, fardamento e possibilidade de evolução profissional.</p>

<p>O Albufeira Sol Hotel &amp; SPA, em Albufeira, procura Chefe de Sala para integrar a sua equipa, preferencialmente com experiência em regime de tudo incluído (all inclusive). A função envolve&#8230;</p>
