{"id":79230,"date":"2026-09-04T16:00:36","date_gmt":"2026-09-04T15:00:36","guid":{"rendered":"https:\/\/bolsadeempregabilidade.pt\/?post_type=job_listing&#038;p=79230"},"modified":"2026-09-04T16:01:32","modified_gmt":"2026-09-04T15:01:32","slug":"maia-temporario-operador-logistico","status":"publish","type":"job_listing","link":"https:\/\/bolsadeempregabilidade.pt\/en\/vaga\/maia-temporario-operador-logistico\/","title":{"rendered":"Operador Log\u00edstico"},"content":{"rendered":"<p>A La\u00e7arote Group est\u00e1 a recrutar <strong>Operadores(as) Log\u00edsticos(as)<\/strong> para integrar a equipa de um parceiro de refer\u00eancia, na regi\u00e3o do Porto &#8211; Maia. Os profissionais selecionados ter\u00e3o como principal miss\u00e3o assegurar o correto funcionamento das opera\u00e7\u00f5es log\u00edsticas, garantindo a rece\u00e7\u00e3o, organiza\u00e7\u00e3o, distribui\u00e7\u00e3o, movimenta\u00e7\u00e3o e expedi\u00e7\u00e3o de mercadorias, de acordo com os procedimentos e standards definidos.<\/p>\n<p>&nbsp;<\/p>\n<p><strong>Functions:<\/strong><\/p>\n<p>Rece\u00e7\u00e3o, confer\u00eancia e organiza\u00e7\u00e3o de mercadorias;<br \/>\nPrepara\u00e7\u00e3o e separa\u00e7\u00e3o de encomendas;<br \/>\nCargas e descargas de mercadorias;<br \/>\nMovimenta\u00e7\u00e3o e acondicionamento de produtos;<br \/>\nOrganiza\u00e7\u00e3o e manuten\u00e7\u00e3o do espa\u00e7o de armaz\u00e9m;<br \/>\nConfer\u00eancia de stocks e apoio no controlo de invent\u00e1rio;<br \/>\nPrepara\u00e7\u00e3o de mercadoria para expedi\u00e7\u00e3o;<br \/>\nCumprimento dos procedimentos internos de seguran\u00e7a e qualidade;<br \/>\nUtiliza\u00e7\u00e3o adequada dos equipamentos e ferramentas de trabalho;<br \/>\nApoio \u00e0s restantes opera\u00e7\u00f5es do armaz\u00e9m, sempre que necess\u00e1rio.<\/p>\n<p>&nbsp;<\/p>\n<p><strong>Requirements:<\/strong><\/p>\n<p>Experi\u00eancia profissional na \u00e1rea de log\u00edstica\/armaz\u00e9m ser\u00e1 valorizada;<br \/>\nBoa capacidade de organiza\u00e7\u00e3o e aten\u00e7\u00e3o ao detalhe;<br \/>\nSense of responsibility and commitment;<br \/>\nAbility to work in a team;<br \/>\nAgilidade e resist\u00eancia f\u00edsica;<br \/>\nCapacidade de trabalhar num ambiente din\u00e2mico;<br \/>\nDisponibilidade para hor\u00e1rios rotativos;<br \/>\nDisponibilidade imediata ou de curto prazo ser\u00e1 valorizada.<\/p>\n<p>&nbsp;<\/p>\n<p><strong>We offer:<\/strong><\/p>\n<p>Vencimento Base + Subs\u00eddio de Alimenta\u00e7\u00e3o;<br \/>\nIntegra\u00e7\u00e3o numa empresa de refer\u00eancia;<br \/>\nIntegra\u00e7\u00e3o numa equipa din\u00e2mica e profissional;<br \/>\nOportunidade de desenvolvimento profissional;<br \/>\nProjeto com possibilidade de continuidade.<\/p>\n<p>&nbsp;<\/p>\n<p><strong>Mais informa\u00e7\u00f5es sobre esta e outras vagas em: https:\/\/www.lacarote.com\/ofertas-de-emprego<\/strong><\/p>\n<p>&nbsp;<\/p>\n<p>&nbsp;<\/p>","protected":false},"excerpt":{"rendered":"<p>A La\u00e7arote Group est\u00e1 a recrutar Operadores(as) Log\u00edsticos(as) para integrar a equipa de um parceiro de refer\u00eancia, na regi\u00e3o do Porto &#8211; Maia. Os profissionais selecionados ter\u00e3o como principal miss\u00e3o&#8230;<\/p>","protected":false},"author":23107,"featured_media":0,"template":"","meta":{"_promoted":"","_company_facebook":"","_company_name":"","_company_website":"","_company_tagline":"","_company_twitter":"","_company_video":"","_filled":0,"_featured":0,"_hide_expiration":"","_job_salary_currency":"","_job_salary_unit":""},"job_listing_region":[209],"job-categories":[132],"job-types":[4],"job_listing_tag":[1233,1037,7532,404,7645],"class_list":["post-79230","job_listing","type-job_listing","status-publish","hentry","job_listing_region-porto","job_listing_category-outros","job_listing_type-temporario","job_listing_tag-experiencia","job_listing_tag-organizacao","job_listing_tag-rapidez","job_listing_tag-trabalho-em-equipa","job_listing_tag-vigor","job-type-trabalho-temporario"],"_links":{"self":[{"href":"https:\/\/bolsadeempregabilidade.pt\/en\/wp-json\/wp\/v2\/job-listings\/79230","targetHints":{"allow":["GET"]}}],"collection":[{"href":"https:\/\/bolsadeempregabilidade.pt\/en\/wp-json\/wp\/v2\/job-listings"}],"about":[{"href":"https:\/\/bolsadeempregabilidade.pt\/en\/wp-json\/wp\/v2\/types\/job_listing"}],"author":[{"embeddable":true,"href":"https:\/\/bolsadeempregabilidade.pt\/en\/wp-json\/wp\/v2\/users\/23107"}],"version-history":[{"count":2,"href":"https:\/\/bolsadeempregabilidade.pt\/en\/wp-json\/wp\/v2\/job-listings\/79230\/revisions"}],"predecessor-version":[{"id":79232,"href":"https:\/\/bolsadeempregabilidade.pt\/en\/wp-json\/wp\/v2\/job-listings\/79230\/revisions\/79232"}],"wp:attachment":[{"href":"https:\/\/bolsadeempregabilidade.pt\/en\/wp-json\/wp\/v2\/media?parent=79230"}],"wp:term":[{"taxonomy":"job_listing_region","embeddable":true,"href":"https:\/\/bolsadeempregabilidade.pt\/en\/wp-json\/wp\/v2\/job_listing_region?post=79230"},{"taxonomy":"job_listing_category","embeddable":true,"href":"https:\/\/bolsadeempregabilidade.pt\/en\/wp-json\/wp\/v2\/job-categories?post=79230"},{"taxonomy":"job_listing_type","embeddable":true,"href":"https:\/\/bolsadeempregabilidade.pt\/en\/wp-json\/wp\/v2\/job-types?post=79230"},{"taxonomy":"job_listing_tag","embeddable":true,"href":"https:\/\/bolsadeempregabilidade.pt\/en\/wp-json\/wp\/v2\/job_listing_tag?post=79230"}],"curies":[{"name":"wp","href":"https:\/\/api.w.org\/{rel}","templated":true}]}}

Operador Logístico

<p>A Laçarote Group está a recrutar <strong>Operadores(as) Logísticos(as)</strong> para integrar a equipa de um parceiro de referência, na região do Porto &#8211; Maia. Os profissionais selecionados terão como principal missão assegurar o correto funcionamento das operações logísticas, garantindo a receção, organização, distribuição, movimentação e expedição de mercadorias, de acordo com os procedimentos e standards definidos.</p>
<p>&nbsp;</p>
<p><strong>Functions:</strong></p>
<p>Receção, conferência e organização de mercadorias;<br />
Preparação e separação de encomendas;<br />
Cargas e descargas de mercadorias;<br />
Movimentação e acondicionamento de produtos;<br />
Organização e manutenção do espaço de armazém;<br />
Conferência de stocks e apoio no controlo de inventário;<br />
Preparação de mercadoria para expedição;<br />
Cumprimento dos procedimentos internos de segurança e qualidade;<br />
Utilização adequada dos equipamentos e ferramentas de trabalho;<br />
Apoio às restantes operações do armazém, sempre que necessário.</p>
<p>&nbsp;</p>
<p><strong>Requirements:</strong></p>
<p>Experiência profissional na área de logística/armazém será valorizada;<br />
Boa capacidade de organização e atenção ao detalhe;<br />
Sense of responsibility and commitment;<br />
Ability to work in a team;<br />
Agilidade e resistência física;<br />
Capacidade de trabalhar num ambiente dinâmico;<br />
Disponibilidade para horários rotativos;<br />
Disponibilidade imediata ou de curto prazo será valorizada.</p>
<p>&nbsp;</p>
<p><strong>We offer:</strong></p>
<p>Vencimento Base + Subsídio de Alimentação;<br />
Integração numa empresa de referência;<br />
Integração numa equipa dinâmica e profissional;<br />
Oportunidade de desenvolvimento profissional;<br />
Projeto com possibilidade de continuidade.</p>
<p>&nbsp;</p>
<p><strong>Mais informações sobre esta e outras vagas em: https://www.lacarote.com/ofertas-de-emprego</strong></p>
<p>&nbsp;</p>
<p>&nbsp;</p>

<p>A Laçarote Group está a recrutar Operadores(as) Logísticos(as) para integrar a equipa de um parceiro de referência, na região do Porto &#8211; Maia. Os profissionais selecionados terão como principal missão&#8230;</p>
