{"id":79233,"date":"2026-09-04T16:10:09","date_gmt":"2026-09-04T15:10:09","guid":{"rendered":"https:\/\/bolsadeempregabilidade.pt\/?post_type=job_listing&#038;p=79233"},"modified":"2026-09-04T16:10:09","modified_gmt":"2026-09-04T15:10:09","slug":"lisboa-tempo-inteiro-administrativoa-de-recursos-humanos","status":"publish","type":"job_listing","link":"https:\/\/bolsadeempregabilidade.pt\/en\/vaga\/lisboa-tempo-inteiro-administrativoa-de-recursos-humanos\/","title":{"rendered":"Administrativo(a) de Recursos Humanos"},"content":{"rendered":"<p>A La\u00e7arote Group est\u00e1 a recrutar <strong>Administrativo(a) de Recursos Humanos<\/strong> para integrar a sua equipa, na regi\u00e3o de Lisboa &#8211; Prior Velho. O profissional selecionado ter\u00e1 como principal miss\u00e3o prestar apoio administrativo \u00e0 \u00e1rea de Recursos Humanos, assegurando a correta gest\u00e3o documental, acompanhamento dos processos dos colaboradores e apoio \u00e0s diferentes tarefas administrativas do departamento.<\/p>\n<p>&nbsp;<\/p>\n<p><strong>Functions:<\/strong><\/p>\n<p>Apoio administrativo aos processos de Recursos Humanos;<br \/>\nGest\u00e3o e organiza\u00e7\u00e3o da documenta\u00e7\u00e3o dos colaboradores;<br \/>\nApoio nos processos de admiss\u00e3o e cessa\u00e7\u00e3o de colaboradores;<br \/>\nElabora\u00e7\u00e3o e atualiza\u00e7\u00e3o de contratos e documenta\u00e7\u00e3o laboral;<br \/>\nGest\u00e3o e atualiza\u00e7\u00e3o de bases de dados e sistemas internos;<br \/>\nApoio no controlo de assiduidade, f\u00e9rias, faltas e hor\u00e1rios;<br \/>\nOrganiza\u00e7\u00e3o e arquivo de documenta\u00e7\u00e3o;<br \/>\nApoio no processamento salarial e recolha de informa\u00e7\u00e3o necess\u00e1ria;<br \/>\nResposta a solicita\u00e7\u00f5es de colaboradores e apoio administrativo geral;<br \/>\nCumprimento dos procedimentos internos e da legisla\u00e7\u00e3o laboral aplic\u00e1vel.<\/p>\n<p>&nbsp;<\/p>\n<p><strong>Requirements:<\/strong><\/p>\n<p>Experi\u00eancia profissional em fun\u00e7\u00f5es administrativas de Recursos Humanos;<br \/>\nForma\u00e7\u00e3o em Recursos Humanos, Gest\u00e3o, Contabilidade ou \u00e1rea similar ser\u00e1 valorizada;<br \/>\nBons conhecimentos de ferramentas Microsoft Office, nomeadamente Excel e Word;<br \/>\nConhecimentos de legisla\u00e7\u00e3o laboral ser\u00e3o valorizados;<br \/>\nBoa capacidade de organiza\u00e7\u00e3o e aten\u00e7\u00e3o ao detalhe;<br \/>\nSentido de responsabilidade, confidencialidade e rigor;<br \/>\nGood communication and interpersonal skills;<br \/>\nCapacidade de trabalhar em equipa e gerir prioridades;<br \/>\nDisponibilidade imediata ou de curto prazo ser\u00e1 valorizada.<\/p>\n<p>&nbsp;<\/p>\n<p><strong>We offer:<\/strong><\/p>\n<p>Vencimento Base + Subs\u00eddio de Alimenta\u00e7\u00e3o;<br \/>\nIntegra\u00e7\u00e3o numa equipa profissional e din\u00e2mica;<br \/>\nOportunidade de desenvolvimento e crescimento profissional;<br \/>\nForma\u00e7\u00e3o e acompanhamento inicial;<br \/>\nProjeto com possibilidade de continuidade.<\/p>\n<p>&nbsp;<\/p>\n<p><strong>Mais informa\u00e7\u00f5es sobre esta e outras vagas em: https:\/\/www.lacarote.com\/ofertas-de-emprego<\/strong><\/p>\n<p>&nbsp;<\/p>\n<p>&nbsp;<\/p>","protected":false},"excerpt":{"rendered":"<p>A La\u00e7arote Group est\u00e1 a recrutar Administrativo(a) de Recursos Humanos para integrar a sua equipa, na regi\u00e3o de Lisboa &#8211; Prior Velho. O profissional selecionado ter\u00e1 como principal miss\u00e3o prestar&#8230;<\/p>","protected":false},"author":23107,"featured_media":0,"template":"","meta":{"_promoted":"","_company_facebook":"","_company_name":"","_company_website":"","_company_tagline":"","_company_twitter":"","_company_video":"","_filled":0,"_featured":0,"_hide_expiration":"","_job_salary_currency":"","_job_salary_unit":""},"job_listing_region":[207],"job-categories":[112],"job-types":[2],"job_listing_tag":[1233,1037,7532,404,7645],"class_list":["post-79233","job_listing","type-job_listing","status-publish","hentry","job_listing_region-lisboa","job_listing_category-administrativo","job_listing_type-tempo-inteiro","job_listing_tag-experiencia","job_listing_tag-organizacao","job_listing_tag-rapidez","job_listing_tag-trabalho-em-equipa","job_listing_tag-vigor","job-type-tempo-inteiro"],"_links":{"self":[{"href":"https:\/\/bolsadeempregabilidade.pt\/en\/wp-json\/wp\/v2\/job-listings\/79233","targetHints":{"allow":["GET"]}}],"collection":[{"href":"https:\/\/bolsadeempregabilidade.pt\/en\/wp-json\/wp\/v2\/job-listings"}],"about":[{"href":"https:\/\/bolsadeempregabilidade.pt\/en\/wp-json\/wp\/v2\/types\/job_listing"}],"author":[{"embeddable":true,"href":"https:\/\/bolsadeempregabilidade.pt\/en\/wp-json\/wp\/v2\/users\/23107"}],"version-history":[{"count":1,"href":"https:\/\/bolsadeempregabilidade.pt\/en\/wp-json\/wp\/v2\/job-listings\/79233\/revisions"}],"predecessor-version":[{"id":79234,"href":"https:\/\/bolsadeempregabilidade.pt\/en\/wp-json\/wp\/v2\/job-listings\/79233\/revisions\/79234"}],"wp:attachment":[{"href":"https:\/\/bolsadeempregabilidade.pt\/en\/wp-json\/wp\/v2\/media?parent=79233"}],"wp:term":[{"taxonomy":"job_listing_region","embeddable":true,"href":"https:\/\/bolsadeempregabilidade.pt\/en\/wp-json\/wp\/v2\/job_listing_region?post=79233"},{"taxonomy":"job_listing_category","embeddable":true,"href":"https:\/\/bolsadeempregabilidade.pt\/en\/wp-json\/wp\/v2\/job-categories?post=79233"},{"taxonomy":"job_listing_type","embeddable":true,"href":"https:\/\/bolsadeempregabilidade.pt\/en\/wp-json\/wp\/v2\/job-types?post=79233"},{"taxonomy":"job_listing_tag","embeddable":true,"href":"https:\/\/bolsadeempregabilidade.pt\/en\/wp-json\/wp\/v2\/job_listing_tag?post=79233"}],"curies":[{"name":"wp","href":"https:\/\/api.w.org\/{rel}","templated":true}]}}

<p>A Laçarote Group está a recrutar <strong>Administrativo(a) de Recursos Humanos</strong> para integrar a sua equipa, na região de Lisboa &#8211; Prior Velho. O profissional selecionado terá como principal missão prestar apoio administrativo à área de Recursos Humanos, assegurando a correta gestão documental, acompanhamento dos processos dos colaboradores e apoio às diferentes tarefas administrativas do departamento.</p>
<p>&nbsp;</p>
<p><strong>Functions:</strong></p>
<p>Apoio administrativo aos processos de Recursos Humanos;<br />
Gestão e organização da documentação dos colaboradores;<br />
Apoio nos processos de admissão e cessação de colaboradores;<br />
Elaboração e atualização de contratos e documentação laboral;<br />
Gestão e atualização de bases de dados e sistemas internos;<br />
Apoio no controlo de assiduidade, férias, faltas e horários;<br />
Organização e arquivo de documentação;<br />
Apoio no processamento salarial e recolha de informação necessária;<br />
Resposta a solicitações de colaboradores e apoio administrativo geral;<br />
Cumprimento dos procedimentos internos e da legislação laboral aplicável.</p>
<p>&nbsp;</p>
<p><strong>Requirements:</strong></p>
<p>Experiência profissional em funções administrativas de Recursos Humanos;<br />
Formação em Recursos Humanos, Gestão, Contabilidade ou área similar será valorizada;<br />
Bons conhecimentos de ferramentas Microsoft Office, nomeadamente Excel e Word;<br />
Conhecimentos de legislação laboral serão valorizados;<br />
Boa capacidade de organização e atenção ao detalhe;<br />
Sentido de responsabilidade, confidencialidade e rigor;<br />
Good communication and interpersonal skills;<br />
Capacidade de trabalhar em equipa e gerir prioridades;<br />
Disponibilidade imediata ou de curto prazo será valorizada.</p>
<p>&nbsp;</p>
<p><strong>We offer:</strong></p>
<p>Vencimento Base + Subsídio de Alimentação;<br />
Integração numa equipa profissional e dinâmica;<br />
Oportunidade de desenvolvimento e crescimento profissional;<br />
Formação e acompanhamento inicial;<br />
Projeto com possibilidade de continuidade.</p>
<p>&nbsp;</p>
<p><strong>Mais informações sobre esta e outras vagas em: https://www.lacarote.com/ofertas-de-emprego</strong></p>
<p>&nbsp;</p>
<p>&nbsp;</p>

<p>A Laçarote Group está a recrutar Administrativo(a) de Recursos Humanos para integrar a sua equipa, na região de Lisboa &#8211; Prior Velho. O profissional selecionado terá como principal missão prestar&#8230;</p>
