{"id":48452,"date":"2024-02-29T11:19:17","date_gmt":"2024-02-29T10:19:17","guid":{"rendered":"https:\/\/bolsadeempregabilidade.pt\/?post_type=resume&#038;p=48452"},"modified":"2024-04-24T12:07:18","modified_gmt":"2024-04-24T11:07:18","slug":"alvaro-zf2s4bjfv-functional-analyst-lisbon","status":"publish","type":"resume","link":"https:\/\/bolsadeempregabilidade.pt\/en\/resume\/alvaro-zf2s4bjfv-analista-funcional-lisboa\/","title":{"rendered":"Alvaro ********* *****"},"content":{"rendered":"<p>Sauda\u00e7\u00f5es<br \/>\nChamo-me Alvaro, e gostaria de falar brevemente sobre mim, minhas expectativas com a oportunidade de trabalho que, espero, seja aberta para mim.<br \/>\nTenho trabalhado em posi\u00e7\u00f5es de T.I. por toda minha vida profissional, em diversas atividades, mas principalmente com COBOL, inicialmente em ambiente VMS\/CMS IBM Mainframe e d epois migrando para plataformas mais baixas como AIX, HPUX, Linux, Microsoft, estes com Microfocus Cobol nos setores industrial, comercial e administrativo financeiro.<br \/>\nMinhas responsabilidades abrangeram an\u00e1lise funcional, levantamento de requisitos de solu\u00e7\u00f5es junto aos clientes\/usu\u00e1rios, design, codifica\u00e7\u00e3o, testes, documenta\u00e7\u00e3o, manuten\u00e7\u00e3o e suporte.<br \/>\nUma vez que as necessidades tecnol\u00f3gicas da empresa mudaram para algu\u00e9m mais focado em administra\u00e7\u00e3o de infraestrutura, rede e SGBD fui honrado com a responsabilidade de dimensionar, buscar e negociar solu\u00e7\u00f5es de hardware e software para suportar o sistema ERP escolhido, lidando tamb\u00e9m com sua implementa\u00e7\u00e3o e a migra\u00e7\u00e3o envolvida, posteriormente ficando respons\u00e1vel pela administra\u00e7\u00e3o desta estrutura e pelo gerenciamento do banco de dados.<\/p>\n<p>Paralelamente a esta jornada, desenvolvi skills na \u00e1rea de automa\u00e7\u00e3o residencial e escrit\u00f3rios, inicialmente como um hobby para horas livres que me levou a algum ganho financeiro e finalmente a me dedicar inteiramente a desenvolver solu\u00e7\u00f5es personalizadas de automa\u00e7\u00e3o residencial e de escrit\u00f3rio al\u00e9m de sistemas de CFTV, buscando, a partir das necessidades e anseios dos clientes, sistemas e dispositivos, integra-los, instala-los e suportar seu uso.<br \/>\nEstabeleci para mim que, n\u00e3o importa o desafio, sou capaz de lidar com ele, sem arrog\u00e2ncia, apenas trabalho duro, dedica\u00e7\u00e3o, educa\u00e7\u00e3o, foco, mente aberta e trabalho em equipe, essas premissas me tornam um profissional multifuncional com uma vis\u00e3o extremamente ampla do neg\u00f3cio.<br \/>\nMuito mais do que simplesmente um emprego, busco uma oportunidade de crescer ainda mais como profissional e me tornar um melhor colaborador.<br \/>\nEspero que minhas compet\u00eancias, vontade de aprender e contribuir venham a ser do interesse da vossa organiza\u00e7\u00e3o. Eu, obviamente, garanto que todos os meus esfor\u00e7os ser\u00e3o para concretizar esta oportunidade.<br \/>\nYours sincerely<br \/>\nAlvaro Garrasino Braz<\/p>","protected":false},"excerpt":{"rendered":"<p>Sauda\u00e7\u00f5es Chamo-me Alvaro, e gostaria de falar brevemente sobre mim, minhas expectativas com a oportunidade de trabalho que, espero, seja aberta para mim. Tenho trabalhado em posi\u00e7\u00f5es de T.I. por&#8230;<\/p>","protected":false},"author":15764,"comment_status":"open","ping_status":"closed","template":"","meta":{"_birth_date":"26\/06\/1967","_featured":0},"resume_region":[219,227,229],"resume-categories":[181],"resume-skill":[5993,511,5991,5989,5990,342,2502,4672,3463],"class_list":["post-48452","resume","type-resume","status-publish","hentry","resume_region-braga","resume_region-lisboa","resume_region-porto","resume_category-programacao-ti","resume_skill-analise-funcional","resume_skill-atendimento-ao-cliente","resume_skill-automacao-residencial","resume_skill-cobol","resume_skill-instalacoes-eletricas","resume_skill-microsoft-office","resume_skill-multitarefa","resume_skill-redes-de-computadores","resume_skill-treinamento"],"_links":{"self":[{"href":"https:\/\/bolsadeempregabilidade.pt\/en\/wp-json\/wp\/v2\/resumes\/48452","targetHints":{"allow":["GET"]}}],"collection":[{"href":"https:\/\/bolsadeempregabilidade.pt\/en\/wp-json\/wp\/v2\/resumes"}],"about":[{"href":"https:\/\/bolsadeempregabilidade.pt\/en\/wp-json\/wp\/v2\/types\/resume"}],"author":[{"embeddable":true,"href":"https:\/\/bolsadeempregabilidade.pt\/en\/wp-json\/wp\/v2\/users\/15764"}],"replies":[{"embeddable":true,"href":"https:\/\/bolsadeempregabilidade.pt\/en\/wp-json\/wp\/v2\/comments?post=48452"}],"version-history":[{"count":1,"href":"https:\/\/bolsadeempregabilidade.pt\/en\/wp-json\/wp\/v2\/resumes\/48452\/revisions"}],"predecessor-version":[{"id":60040,"href":"https:\/\/bolsadeempregabilidade.pt\/en\/wp-json\/wp\/v2\/resumes\/48452\/revisions\/60040"}],"wp:attachment":[{"href":"https:\/\/bolsadeempregabilidade.pt\/en\/wp-json\/wp\/v2\/media?parent=48452"}],"wp:term":[{"taxonomy":"resume_region","embeddable":true,"href":"https:\/\/bolsadeempregabilidade.pt\/en\/wp-json\/wp\/v2\/resume_region?post=48452"},{"taxonomy":"resume_category","embeddable":true,"href":"https:\/\/bolsadeempregabilidade.pt\/en\/wp-json\/wp\/v2\/resume-categories?post=48452"},{"taxonomy":"resume_skill","embeddable":true,"href":"https:\/\/bolsadeempregabilidade.pt\/en\/wp-json\/wp\/v2\/resume-skill?post=48452"}],"curies":[{"name":"wp","href":"https:\/\/api.w.org\/{rel}","templated":true}]}}

<p>Saudações<br />
Chamo-me Alvaro, e gostaria de falar brevemente sobre mim, minhas expectativas com a oportunidade de trabalho que, espero, seja aberta para mim.<br />
Tenho trabalhado em posições de T.I. por toda minha vida profissional, em diversas atividades, mas principalmente com COBOL, inicialmente em ambiente VMS/CMS IBM Mainframe e d epois migrando para plataformas mais baixas como AIX, HPUX, Linux, Microsoft, estes com Microfocus Cobol nos setores industrial, comercial e administrativo financeiro.<br />
Minhas responsabilidades abrangeram análise funcional, levantamento de requisitos de soluções junto aos clientes/usuários, design, codificação, testes, documentação, manutenção e suporte.<br />
Uma vez que as necessidades tecnológicas da empresa mudaram para alguém mais focado em administração de infraestrutura, rede e SGBD fui honrado com a responsabilidade de dimensionar, buscar e negociar soluções de hardware e software para suportar o sistema ERP escolhido, lidando também com sua implementação e a migração envolvida, posteriormente ficando responsável pela administração desta estrutura e pelo gerenciamento do banco de dados.</p>
<p>Paralelamente a esta jornada, desenvolvi skills na área de automação residencial e escritórios, inicialmente como um hobby para horas livres que me levou a algum ganho financeiro e finalmente a me dedicar inteiramente a desenvolver soluções personalizadas de automação residencial e de escritório além de sistemas de CFTV, buscando, a partir das necessidades e anseios dos clientes, sistemas e dispositivos, integra-los, instala-los e suportar seu uso.<br />
Estabeleci para mim que, não importa o desafio, sou capaz de lidar com ele, sem arrogância, apenas trabalho duro, dedicação, educação, foco, mente aberta e trabalho em equipe, essas premissas me tornam um profissional multifuncional com uma visão extremamente ampla do negócio.<br />
Muito mais do que simplesmente um emprego, busco uma oportunidade de crescer ainda mais como profissional e me tornar um melhor colaborador.<br />
Espero que minhas competências, vontade de aprender e contribuir venham a ser do interesse da vossa organização. Eu, obviamente, garanto que todos os meus esforços serão para concretizar esta oportunidade.<br />
Yours sincerely<br />
Alvaro Garrasino Braz</p>

<p>Saudações Chamo-me Alvaro, e gostaria de falar brevemente sobre mim, minhas expectativas com a oportunidade de trabalho que, espero, seja aberta para mim. Tenho trabalhado em posições de T.I. por&#8230;</p>
