{"id":70699,"date":"2025-03-24T16:26:31","date_gmt":"2025-03-24T16:26:31","guid":{"rendered":"https:\/\/bolsadeempregabilidade.pt\/?post_type=resume&#038;p=70699"},"modified":"2025-03-24T16:26:31","modified_gmt":"2025-03-24T16:26:31","slug":"gabriela-nraldwvyyn-receptionist-secretary-analyst-porto","status":"publish","type":"resume","link":"https:\/\/bolsadeempregabilidade.pt\/en\/resume\/gabriela-nraldwvyyn-rececionista-secretaria-analista-porto\/","title":{"rendered":"Gabriela ******"},"content":{"rendered":"<p>Dear Sir\/Madam,.<\/p>\n<p>Sou \u00edtalo-brasileira, casada e moro em Portugal desde 2024. Estou em posse do Certificado de Registo de Cidad\u00e3o Europeu e NIF e busco por uma nova oportunidade na \u00e1rea administrativa.<\/p>\n<p>Com mais de 15 anos de experi\u00eancia, sou uma profissional multidisciplinar. Atuei em empresas nos segmentos de Ag\u00eancia de Publicidade, Escrit\u00f3rio de Advocacia e Funda\u00e7\u00e3o Administrativa e Econ\u00f4mica \u2013 todas no Brasil &#8211; em cargos de administrativos, an\u00e1lise e gest\u00e3o. Mantenho minha experi\u00eancia no audiovisual como profunda fonte de investiga\u00e7\u00e3o sobre minha personalidade e que, com isto, certifiquem-se os senhores (as) das altas capacidades de entendimento sobre o cliente e conhecimento das diversas formas de comunica\u00e7\u00e3o que domino.<\/p>\n<p>Sou motivada por aprender, como soft skills refor\u00e7o a criatividade, organiza\u00e7\u00e3o, observadora-sens\u00edvel, gest\u00e3o de documentos, gest\u00e3o do tempo, gest\u00e3o de pessoas, treinamento, resolu\u00e7\u00e3o de problemas e fast learner.<\/p>\n<p>Permane\u00e7o \u00e0 disposi\u00e7\u00e3o.<\/p>","protected":false},"excerpt":{"rendered":"<p>Exmos.\/as Senhores\/as. Sou \u00edtalo-brasileira, casada e moro em Portugal desde 2024. Estou em posse do Certificado de Registo de Cidad\u00e3o Europeu e NIF e busco por uma nova oportunidade na&#8230;<\/p>","protected":false},"author":21617,"comment_status":"open","ping_status":"closed","template":"","meta":{"_birth_date":"14\/12\/1985","_featured":0},"resume_region":[219,229],"resume-categories":[157],"resume-skill":[],"class_list":["post-70699","resume","type-resume","status-publish","hentry","resume_region-braga","resume_region-porto","resume_category-administrativo"],"_links":{"self":[{"href":"https:\/\/bolsadeempregabilidade.pt\/en\/wp-json\/wp\/v2\/resumes\/70699","targetHints":{"allow":["GET"]}}],"collection":[{"href":"https:\/\/bolsadeempregabilidade.pt\/en\/wp-json\/wp\/v2\/resumes"}],"about":[{"href":"https:\/\/bolsadeempregabilidade.pt\/en\/wp-json\/wp\/v2\/types\/resume"}],"author":[{"embeddable":true,"href":"https:\/\/bolsadeempregabilidade.pt\/en\/wp-json\/wp\/v2\/users\/21617"}],"replies":[{"embeddable":true,"href":"https:\/\/bolsadeempregabilidade.pt\/en\/wp-json\/wp\/v2\/comments?post=70699"}],"version-history":[{"count":1,"href":"https:\/\/bolsadeempregabilidade.pt\/en\/wp-json\/wp\/v2\/resumes\/70699\/revisions"}],"predecessor-version":[{"id":70700,"href":"https:\/\/bolsadeempregabilidade.pt\/en\/wp-json\/wp\/v2\/resumes\/70699\/revisions\/70700"}],"wp:attachment":[{"href":"https:\/\/bolsadeempregabilidade.pt\/en\/wp-json\/wp\/v2\/media?parent=70699"}],"wp:term":[{"taxonomy":"resume_region","embeddable":true,"href":"https:\/\/bolsadeempregabilidade.pt\/en\/wp-json\/wp\/v2\/resume_region?post=70699"},{"taxonomy":"resume_category","embeddable":true,"href":"https:\/\/bolsadeempregabilidade.pt\/en\/wp-json\/wp\/v2\/resume-categories?post=70699"},{"taxonomy":"resume_skill","embeddable":true,"href":"https:\/\/bolsadeempregabilidade.pt\/en\/wp-json\/wp\/v2\/resume-skill?post=70699"}],"curies":[{"name":"wp","href":"https:\/\/api.w.org\/{rel}","templated":true}]}}

<p>Dear Sir/Madam,.</p>
<p>Sou ítalo-brasileira, casada e moro em Portugal desde 2024. Estou em posse do Certificado de Registo de Cidadão Europeu e NIF e busco por uma nova oportunidade na área administrativa.</p>
<p>Com mais de 15 anos de experiência, sou uma profissional multidisciplinar. Atuei em empresas nos segmentos de Agência de Publicidade, Escritório de Advocacia e Fundação Administrativa e Econômica – todas no Brasil &#8211; em cargos de administrativos, análise e gestão. Mantenho minha experiência no audiovisual como profunda fonte de investigação sobre minha personalidade e que, com isto, certifiquem-se os senhores (as) das altas capacidades de entendimento sobre o cliente e conhecimento das diversas formas de comunicação que domino.</p>
<p>Sou motivada por aprender, como soft skills reforço a criatividade, organização, observadora-sensível, gestão de documentos, gestão do tempo, gestão de pessoas, treinamento, resolução de problemas e fast learner.</p>
<p>Permaneço à disposição.</p>

<p>Exmos./as Senhores/as. Sou ítalo-brasileira, casada e moro em Portugal desde 2024. Estou em posse do Certificado de Registo de Cidadão Europeu e NIF e busco por uma nova oportunidade na&#8230;</p>
